{"id":141,"date":"2016-03-18T12:14:20","date_gmt":"2016-03-18T12:14:20","guid":{"rendered":"http:\/\/www.catatrips.com\/new\/?page_id=141"},"modified":"2026-04-07T11:07:49","modified_gmt":"2026-04-07T11:07:49","slug":"tours-diarios","status":"publish","type":"page","link":"https:\/\/www.catatrips.com\/new\/tours-diarios\/","title":{"rendered":"TOURS DIARIOS"},"content":{"rendered":"<div><\/div><div class=\"kad-icon-box-29 kad-icon-box \"><i class=\"\" style=\"font-size:48px;\"><\/i>\n<h3>TOURS DIARIOS<\/h3>\n<\/div><style type=\"text\/css\" media=\"screen\">.kad-icon-box-29 {background:#367a0b;} .kad-icon-box-29, .kad-icon-box-29 h1, .kad-icon-box-29 h2, .kad-icon-box-29 h3, .kad-icon-box-29 h4, .kad-icon-box-29 h5 {color:#ffffff !important;} .kad-icon-box-29:hover {background:;} .kad-icon-box-29:hover, .kad-icon-box-29:hover h1, .kad-icon-box-29:hover h2, .kad-icon-box-29:hover h3, .kad-icon-box-29:hover h4, .kad-icon-box-29:hover h5 {color:#ffffff !important;}<\/style>\n<div class=\"kad-icon-box-26 kad-icon-box \"><i class=\"\" style=\"font-size:48px;\"><\/i>\n<h3>Happy Day<\/h3>\n<\/div><style type=\"text\/css\" media=\"screen\">.kad-icon-box-26 {background:#151c38;} .kad-icon-box-26, .kad-icon-box-26 h1, .kad-icon-box-26 h2, .kad-icon-box-26 h3, .kad-icon-box-26 h4, .kad-icon-box-26 h5 {color:#ffffff !important;} .kad-icon-box-26:hover {background:;} .kad-icon-box-26:hover, .kad-icon-box-26:hover h1, .kad-icon-box-26:hover h2, .kad-icon-box-26:hover h3, .kad-icon-box-26:hover h4, .kad-icon-box-26:hover h5 {color:#ffffff !important;}<\/style>\n<h4 style=\"text-align: justify;\">Excursi\u00f3n de <strong>5 horas de duraci\u00f3n<\/strong> para disfrutar del mar, del sol y de la abundante y diversa fauna marina que caracteriza a las Islas Afortunadas. Durante la excursi\u00f3n realizamos una parada para ba\u00f1arnos en el mar, tomar el sol o hacer snorkel en sus cristalinas aguas.<\/h4>\n<h4>Incluye: Comida y bebida.<\/h4>\n<h3><strong>Precio: 99\u20ac por persona.<\/strong><\/h3>\n<p style=\"text-align: right;\"><a href=\"https:\/\/www.catatrips.com\/new\/tours-diarios\/happy-day-tours-reservas\/\" id=\"kadbtn44\" target=\"_self\" class=\"kad-btn btn-shortcode kad-btn-primary lg-kad-btn \" style=\"background-color:#dd3333; border: 0 solid; border-color:#000;  color:#ffffff;\" onMouseOver=\"this.style.color=&#039;#ffffff&#039;\" onMouseOut=\"this.style.color=&#039;#ffffff&#039;\">&gt; Formulario Reserva Happy Day <i class='icon-cart4'><\/i><\/a>\n<div class=\"kad-icon-box-39 kad-icon-box \"><i class=\"\" style=\"font-size:48px;\"><\/i>\n<h3>Sunset Tour<\/h3>\n<\/div><style type=\"text\/css\" media=\"screen\">.kad-icon-box-39 {background:#151c38;} .kad-icon-box-39, .kad-icon-box-39 h1, .kad-icon-box-39 h2, .kad-icon-box-39 h3, .kad-icon-box-39 h4, .kad-icon-box-39 h5 {color:#ffffff !important;} .kad-icon-box-39:hover {background:;} .kad-icon-box-39:hover, .kad-icon-box-39:hover h1, .kad-icon-box-39:hover h2, .kad-icon-box-39:hover h3, .kad-icon-box-39:hover h4, .kad-icon-box-39:hover h5 {color:#ffffff !important;}<\/style>\n<h4 style=\"text-align: justify;\">Excursi\u00f3n de 4 horas de duraci\u00f3n en las que disfrutar de un ba\u00f1o al atardecer.<\/h4>\n<h4>Incluye: Comida y bebida.<\/h4>\n<h3 style=\"text-align: justify;\"><strong>Precio: 99\u20ac por persona.<\/strong><\/h3>\n<p style=\"text-align: right;\"><a href=\"https:\/\/www.catatrips.com\/new\/tours-diarios\/sunset-tour-reservas\/\" id=\"kadbtn81\" target=\"_self\" class=\"kad-btn btn-shortcode kad-btn-primary lg-kad-btn \" style=\"background-color:#dd3333; border: 0 solid; border-color:#000;  color:#ffffff;\" onMouseOver=\"this.style.color=&#039;#ffffff&#039;\" onMouseOut=\"this.style.color=&#039;#ffffff&#039;\">&gt; Formulario Reserva Sunset Tour <i class='icon-cart4'><\/i><\/a>\n<div class=\"kad-icon-box-44 kad-icon-box \"><i class=\"\" style=\"font-size:48px;\"><\/i>\n<h3>Ocean Tur<\/h3>\n<\/div><style type=\"text\/css\" media=\"screen\">.kad-icon-box-44 {background:#151c38;} .kad-icon-box-44, .kad-icon-box-44 h1, .kad-icon-box-44 h2, .kad-icon-box-44 h3, .kad-icon-box-44 h4, .kad-icon-box-44 h5 {color:#ffffff !important;} .kad-icon-box-44:hover {background:;} .kad-icon-box-44:hover, .kad-icon-box-44:hover h1, .kad-icon-box-44:hover h2, .kad-icon-box-44:hover h3, .kad-icon-box-44:hover h4, .kad-icon-box-44:hover h5 {color:#ffffff !important;}<\/style>\n<h4 style=\"text-align: justify;\">Excursi\u00f3n de 8 horas de duraci\u00f3n y maximo 8 huespedes, en las que disfrutar en privado con tus amigos o familia de un dia completo en el oceano.<\/h4>\n<h4>Incluye: Comida y bebida.<\/h4>\n<h3 style=\"text-align: justify;\"><strong>Precio: 1480\u20ac\u00a0<\/strong><\/h3>\n<p style=\"text-align: right;\"><a href=\"https:\/\/www.catatrips.com\/new\/tours-diarios\/ocean-tour-reservas\/\" id=\"kadbtn58\" target=\"_self\" class=\"kad-btn btn-shortcode kad-btn-primary lg-kad-btn \" style=\"background-color:#dd3333; border: 0 solid; border-color:#000;  color:#ffffff;\" onMouseOver=\"this.style.color=&#039;#ffffff&#039;\" onMouseOut=\"this.style.color=&#039;#ffffff&#039;\">&gt; Formulario Reserva Ocean Tour <i class='icon-cart4'><\/i><\/a>\n\n","protected":false},"excerpt":{"rendered":"<p>Excursi\u00f3n de 5 horas de duraci\u00f3n para disfrutar del mar, del sol y de la abundante y diversa fauna marina que caracteriza a las Islas Afortunadas. Durante la excursi\u00f3n realizamos una parada para ba\u00f1arnos en el mar, tomar el sol &hellip; <a class=\"kt-excerpt-readmore\" href=\"https:\/\/www.catatrips.com\/new\/tours-diarios\/\" aria-label=\"TOURS DIARIOS\">Leer m&aacute;s<\/a><\/p>\n","protected":false},"author":1,"featured_media":0,"parent":0,"menu_order":0,"comment_status":"closed","ping_status":"open","template":"page-fullwidth.php","meta":{"jetpack_post_was_ever_published":false,"footnotes":""},"class_list":["post-141","page","type-page","status-publish","hentry"],"jetpack_sharing_enabled":true,"jetpack_shortlink":"https:\/\/wp.me\/P579iR-2h","_links":{"self":[{"href":"https:\/\/www.catatrips.com\/new\/wp-json\/wp\/v2\/pages\/141","targetHints":{"allow":["GET"]}}],"collection":[{"href":"https:\/\/www.catatrips.com\/new\/wp-json\/wp\/v2\/pages"}],"about":[{"href":"https:\/\/www.catatrips.com\/new\/wp-json\/wp\/v2\/types\/page"}],"author":[{"embeddable":true,"href":"https:\/\/www.catatrips.com\/new\/wp-json\/wp\/v2\/users\/1"}],"replies":[{"embeddable":true,"href":"https:\/\/www.catatrips.com\/new\/wp-json\/wp\/v2\/comments?post=141"}],"version-history":[{"count":55,"href":"https:\/\/www.catatrips.com\/new\/wp-json\/wp\/v2\/pages\/141\/revisions"}],"predecessor-version":[{"id":785,"href":"https:\/\/www.catatrips.com\/new\/wp-json\/wp\/v2\/pages\/141\/revisions\/785"}],"wp:attachment":[{"href":"https:\/\/www.catatrips.com\/new\/wp-json\/wp\/v2\/media?parent=141"}],"curies":[{"name":"wp","href":"https:\/\/api.w.org\/{rel}","templated":true}]}}